{"id":42,"date":"2024-11-07T21:15:49","date_gmt":"2024-11-07T20:15:49","guid":{"rendered":"http:\/\/dolcemanucure.fr\/?page_id=42"},"modified":"2025-06-06T19:28:51","modified_gmt":"2025-06-06T17:28:51","slug":"42-2","status":"publish","type":"page","link":"https:\/\/dolcemanucure.fr\/?page_id=42","title":{"rendered":"AVANT LA MAGIE"},"content":{"rendered":"<p>[et_pb_section fb_built=&#8221;1&#8243; _builder_version=&#8221;4.27.4&#8243; _module_preset=&#8221;default&#8221; background_color=&#8221;#f1ced8&#8243; global_colors_info=&#8221;{}&#8221;][et_pb_row _builder_version=&#8221;4.27.4&#8243; _module_preset=&#8221;default&#8221; global_colors_info=&#8221;{}&#8221;][et_pb_column type=&#8221;4_4&#8243; _builder_version=&#8221;4.27.4&#8243; _module_preset=&#8221;default&#8221; global_colors_info=&#8221;{}&#8221;][et_pb_text _builder_version=&#8221;4.27.4&#8243; _module_preset=&#8221;default&#8221; header_font=&#8221;Open Sans|700|||||||&#8221; header_text_color=&#8221;#FFFFFF&#8221; global_colors_info=&#8221;{}&#8221;]<\/p>\n<h1 style=\"text-align: center;\">COMING SOON<\/h1>\n<p>[\/et_pb_text][et_pb_image src=&#8221;https:\/\/dolcemanucure.fr\/wp-content\/uploads\/2025\/01\/\ud83e\udd2b-2.png&#8221; title_text=&#8221;\ud83e\udd2b-2&#8243; _builder_version=&#8221;4.27.4&#8243; _module_preset=&#8221;default&#8221; custom_padding=&#8221;0px|289px|0px|289px|true|true&#8221; custom_padding_tablet=&#8221;|180px||180px|true|true&#8221; custom_padding_phone=&#8221;|56px||56px|true|true&#8221; custom_padding_last_edited=&#8221;on|desktop&#8221; global_colors_info=&#8221;{}&#8221;][\/et_pb_image][et_pb_text _builder_version=&#8221;4.27.4&#8243; _module_preset=&#8221;default&#8221; text_font=&#8221;|600|||||||&#8221; text_text_color=&#8221;#FFFFFF&#8221; text_font_size=&#8221;20px&#8221; text_line_height=&#8221;2em&#8221; hover_enabled=&#8221;0&#8243; text_font_size_tablet=&#8221;24px&#8221; text_font_size_phone=&#8221;19px&#8221; text_font_size_last_edited=&#8221;on|phone&#8221; global_colors_info=&#8221;{}&#8221; sticky_enabled=&#8221;0&#8243;]<\/p>\n<p style=\"text-align: center;\">Quelque chose se pr\u00e9pare\u2026 Rendez-vous le tr\u00e8s bient\u00f4t pour d\u00e9couvrir la surprise ! \u2728\ud83d\udc40<\/p>\n<p>[\/et_pb_text][\/et_pb_column][\/et_pb_row][\/et_pb_section]<\/p>\n","protected":false},"excerpt":{"rendered":"<p>COMING SOONQuelque chose se pr\u00e9pare\u2026 Rendez-vous le tr\u00e8s bient\u00f4t pour d\u00e9couvrir la surprise ! \u2728\ud83d\udc40<\/p>\n","protected":false},"author":1,"featured_media":0,"parent":0,"menu_order":0,"comment_status":"closed","ping_status":"closed","template":"","meta":{"_et_pb_use_builder":"on","_et_pb_old_content":"","_et_gb_content_width":"","footnotes":""},"class_list":["post-42","page","type-page","status-publish","hentry"],"_links":{"self":[{"href":"https:\/\/dolcemanucure.fr\/index.php?rest_route=\/wp\/v2\/pages\/42","targetHints":{"allow":["GET"]}}],"collection":[{"href":"https:\/\/dolcemanucure.fr\/index.php?rest_route=\/wp\/v2\/pages"}],"about":[{"href":"https:\/\/dolcemanucure.fr\/index.php?rest_route=\/wp\/v2\/types\/page"}],"author":[{"embeddable":true,"href":"https:\/\/dolcemanucure.fr\/index.php?rest_route=\/wp\/v2\/users\/1"}],"replies":[{"embeddable":true,"href":"https:\/\/dolcemanucure.fr\/index.php?rest_route=%2Fwp%2Fv2%2Fcomments&post=42"}],"version-history":[{"count":39,"href":"https:\/\/dolcemanucure.fr\/index.php?rest_route=\/wp\/v2\/pages\/42\/revisions"}],"predecessor-version":[{"id":1404,"href":"https:\/\/dolcemanucure.fr\/index.php?rest_route=\/wp\/v2\/pages\/42\/revisions\/1404"}],"wp:attachment":[{"href":"https:\/\/dolcemanucure.fr\/index.php?rest_route=%2Fwp%2Fv2%2Fmedia&parent=42"}],"curies":[{"name":"wp","href":"https:\/\/api.w.org\/{rel}","templated":true}]}}